he tens digit of k?
4
Let r = 259 - 148. Suppose 5*z - 1196 = -3*v, -3*v - 4*z - r = -1306. What is the tens digit of v?
9
Let m be 2 - (-3 - -5) - -6. Suppose 0 = -2*f - m*f + 1992. What is the tens digit of f?
4
Suppose -21 = -59*p + 52*p. What is the tens digit of (5871/38)/(p/6)?
0
Let a be (4/(-3) - 2)/((-8)/12). Suppose 5*g = v - 145, g = 2*g - 5*v + a. What is the units digit of (-678)/(-4) - g/20?
1
Suppose -6*u + u = -25. Suppose -4*k - 8 = 12, 45 = w - 5*k. What is the tens digit of (64/u)/(8/w)?
3
What is the hundreds digit of 7 - (-4788 - -8)/4?
2
Let m(x) = -35*x**2 - 13*x - 38. Let c(w) = -71*w**2 - 26*w - 75. Let v(t) = -3*c(t) + 5*m(t). What is the units digit of v(-5)?
0
What is the thousands digit of (1745/(-10) - 2)*(-2 - 4 - 2)?
1
Suppose -124*k + 442*k - 1073591 = 11897947. What is the thousands digit of k?
0
Let d be (-1008)/(-384) + 3/8. Suppose 0 = -0*g + g + p, 5*p = g - 30. Suppose g*m = -d*t + 254, 0*t - t = -3. What is the tens digit of m?
4
Let y be 6/(-27) + 580/18. Suppose -3*h - 13*h = -y. What is the units digit of h?
2
Let z(f) = -6*f**2 + 30*f - 12. Let h be z(6). What is the tens digit of (-3155)/(-4) - 60/h?
9
Suppose 5632*q = 5633*q - 2532. What is the tens digit of q?
3
Suppose -5*c - 2*u = -5682 - 33901, -c + 7912 = 5*u. What is the thousands digit of c?
7
Let v(z) = 1806*z**2 + 95*z + 298. What is the thousands digit of v(-3)?
6
Suppose 96*r - 786 = 94*r. Let s = -115 + r. What is the tens digit of s?
7
Suppose -5*j + 9 = -1. Suppose 5*c = c - j*g + 736, 362 = 2*c - 2*g. What is the tens digit of c*-1*(-1)/3?
6
What is the units digit of 855/(150/10)*354/9?
2
Suppose 0 = -11*k + 9 + 24. Let j = 503 - 324. Suppose g - 296 = -5*a + 33, 0 = -k*a + 4*g + j. What is the units digit of a?
5
Let s be 2/(-5) + (-1836)/135. Let d(x) = 7*x**2 - 9*x + 11. What is the thousands digit of d(s)?
1
Let b(z) = 42*z**2 - 3*z - 22. Let q be b(6). Suppose -23*v + 19*v + q = 0. What is the tens digit of v?
6
Let m = -195 - -199. Suppose -2*t + 2*r + 56 = -94, -t + 90 = m*r. What is the tens digit of t?
7
Let a = 73671 + -47112. What is the thousands digit of a?
6
Let a(r) = -31699*r + 298. What is the thousands digit of a(-1)?
1
Let m = -24527 - -32873. What is the tens digit of m?
4
Suppose 3*s - u + 9631 = 25753, 4*s - 21458 = -5*u. What is the thousands digit of s?
5
Let q(j) = 801*j**2 + 117*j - 5. What is the thousands digit of q(-5)?
9
Let i(y) = 3*y + 104. Let s be i(-34). Suppose s*r - 2*b = 10, 5*r + 1 = -3*b + 2. What is the units digit of r?
2
Let q(l) = -2*l**3 - 10*l**2 + 34*l - 8. What is the tens digit of q(-13)?
5
Let j(f) = -6*f - 18. Let r be j(-12). Let k be 84 - 2 - (10 + -4 + -4). Let l = k - r. What is the units digit of l?
6
Let k = 12825 - -14207. What is the hundreds digit of k?
0
Let y(r) = r**3 + 3*r**2 - 6*r - 2. Let s be y(-4). Suppose 2*v = 5*h - 79, 77 = -v + h - s*h. What is the tens digit of (-346)/(-7) - v/91?
5
Let f = 569 - 342. Suppose 0 = 4*y - 353 - f. What is the tens digit of y?
4
What is the units digit of (-7 - 2)*1 - -7352?
3
Suppose -11*m + 10*m - 96 = -4*z, m - 65 = -3*z. What is the units digit of z?
3
Let j(b) = 2*b**2 - b + 6. Let l be ((-20)/(-6))/(3/18). Let d be (-2)/3*150/l. What is the tens digit of j(d)?
6
Suppose -13*w - 7556 + 111153 = 0. What is the tens digit of w?
6
Suppose 2*h + 5*b - 2 = 7, 0 = -4*b + 4. Suppose -2*g + h = -1090. What is the hundreds digit of g?
5
Let z(n) = 36*n + 175. Let x be 2/(-3) + 1/(-15)*-85. What is the units digit of z(x)?
5
Let c be 2 - (-5)/((-30)/14838). What is the units digit of (3 - (0 + 2))/((-7)/c)?
3
Let m(t) = 23*t**2 - 67*t - 16. What is the ten thousands digit of m(-21)?
1
What is the ten thousands digit of (-33 - -22) + -13 + 53735?
5
Let p(q) = 38*q**2 - 36*q - 20. What is the units digit of p(-15)?
0
Suppose 4*a + 150 - 10 = -2*d, -3*d = 4*a + 200. Let x = d - -24. What is the units digit of (-1)/9 - 328/x?
9
Let b(p) = -p**2 - 10*p + 7. Let y be b(-11). What is the hundreds digit of (-70)/(1*((-66)/15 - y))?
1
Let d = -14416 - -24985. What is the units digit of d?
9
Let j(b) = 305*b + 278 - 595*b + 295*b. What is the tens digit of j(25)?
0
Suppose 22*g + 142378 = 4*l + 17*g, 2*g - 12 = 0. What is the units digit of l?
2
Let l(q) = -3 + 118*q + 1 + 0*q. Let p be l(2). Let f = p - 143. What is the tens digit of f?
9
Let g be (3/(-9))/(2/(-18)). Suppose 4*u - 19 = -5*j, -4*u - 5 = -4*j + g. What is the tens digit of j - -1 - 224/(-7)?
3
Let y = 234 - 228. Let t(p) = 7*p + 50. What is the units digit of t(y)?
2
Let z = -52 + 59. Suppose 132 = z*s - 687. Let b = -47 + s. What is the units digit of b?
0
Let u = -54 + 57. Suppose 0*r - u*r + 14 = b, -4*r + 4*b = 8. Suppose -164 = -r*x - 3*p + 247, -2*x + 4*p + 292 = 0. What is the units digit of x?
0
Suppose -d + 2*w + 22 = 0, d - w - 3 = 14. What is the tens digit of (-3)/d - (-1347)/12?
1
Suppose 3*x - 4*x + 7 = 0, -2*x = -2*a + 53290. What is the thousands digit of a?
6
Let i(k) = k**3 + 3*k**2 + 201*k - 2576. What is the tens digit of i(12)?
9
Let u = 16761 + -10667. What is the units digit of u?
4
Let o(b) be the second derivative of -1/2*b**4 - 4/3*b**3 - 3*b + 4*b**2 + 0 - 1/20*b**5. What is the tens digit of o(-6)?
5
Let y(r) = -13*r + 75. Let x be y(5). Suppose 0 = -x*i - i + 2827. What is the tens digit of i?
5
Let u(n) = -n**3 - 40*n**2 + 448*n + 163. Let b be u(-49). Let i = 33 - -342. Let h = b + i. What is the units digit of h?
5
Let x(m) = -184*m - 11. Let g be x(6). Let a = -666 - g. What is the tens digit of a?
4
Suppose 366*m - 240 = 364*m. Let h(l) = -186*l**3 + l**2 - l - 1. Let w be h(-1). Let p = w - m. What is the units digit of p?
7
Let f = -1457 + 2370. Let v = f - 169. What is the units digit of v?
4
Let u(i) = -55*i - 51. Let o(k) = -k**3 + 28*k**2 + 61*k - 40. Let a be o(30). What is the hundreds digit of u(a)?
4
Let z = 177 - 132. Let p = z + 45. What is the tens digit of p?
9
Let o(r) = 2*r**3 - r - 1. Let w(a) = -5*a**3 - 15*a**2 - 12*a - 10. Let u(m) = -3*o(m) - w(m). What is the tens digit of u(15)?
3
Let u(g) = 11*g**2 + 9*g - 18. Let q = -66 - -70. What is the units digit of u(q)?
4
Let z = 13 + -9. Let i(a) = -a**3 + 6*a**2 - 7*a + 3. Let x be i(z). Suppose -72 = x*u - 1052. What is the units digit of u?
0
Let k(a) be the second derivative of 29*a**5/20 - a**4/3 + 2*a**3/3 + 2*a**2 + 9*a - 2. What is the hundreds digit of k(3)?
7
Suppose -54*b + 129664 = -14300. What is the hundreds digit of b?
6
Let l(j) = 10*j + 2 + 1 - 5*j**3 + 4*j**3 - 9*j**2 - 1. Let b be l(-10). What is the units digit of b + 1 + -2 - -82?
3
Suppose 0 = 3*h - 7*h + 2*v + 334, -3*h + 3*v = -243. Suppose -2*q - 42 = -0*q. What is the tens digit of 7/q + (1 - h/(-6))?
1
Let d(s) = 5658*s**3 - 8*s**2 + 4*s - 1. What is the tens digit of d(1)?
5
Let m be 27/(-45) - (2142/15)/(-3). Suppose q - 5*v = m, 0*v - 5*v + 25 = 0. What is the tens digit of q?
7
Let k = -11622 + 19610. What is the hundreds digit of k?
9
Suppose -5*m + 735 = -1295. Let s = 961 - m. What is the units digit of s?
5
Suppose -1056*k = -1045*k - 165869. What is the units digit of k?
9
Let z = 12 - 7. Let u = 157 + -153. Suppose -3*a + z*a = u*d + 256, a = d + 133. What is the hundreds digit of a?
1
Let p(t) = 2*t**3 - 4*t**2 - 5*t + 1. Let b be p(5). Suppose -8*j + 11*j = -b. Let d = -15 - j. What is the units digit of d?
7
What is the units digit of (-1 + (-30502)/4)*((-3904)/56)/61?
6
What is the thousands digit of 9 + (380898 + 9)/9?
2
Suppose 4*x = 5*f - 8, 0 = 2*f - 4*x + 5*x - 11. What is the hundreds digit of -7 + (-3 + 1807)/f?
4
Let a = -26222 - -44817. What is the tens digit of a?
9
Suppose 166604*a + 729923 = 166623*a. What is the units digit of a?
7
Let l(u) = u**3 + 4*u**2 + u + 6. Let b be 1 + -2 + (0 - 3). Let y be l(b). Suppose -y*t + 30 = -76. What is the units digit of t?
3
Suppose 0 = 1075*w - 1061*w - 22372. What is the units digit of w?
8
Let q(z) = 74*z**3 + 20*z**2 - 69*z + 25. What is the tens digit of q(6)?
1
Let q be (5 - 12 - -8) + -7. What is the hundreds digit of ((-118)/1)/(q/24)?
4
Let m = 335 + -235. Suppose -z - 93 = -5*u, -5*u + 2*z + m = 9. Suppose -b = g - u, 0*g - 94 = -5*g - 4*b. What is the tens digit of g?
1
Let h(o) = 24*o**2 - 58*o + 48. What is the thousands di